 the greatest common divisor of k and w.
11
Let i = 72 - 30. What is the greatest common divisor of i and 7?
7
Let l(w) = -w**2 - 6*w - 2. Let g be l(-5). Let u = -1 + g. Suppose 0 = u*c + c - 192. Calculate the highest common divisor of 8 and c.
8
Let o(s) = s - 5. Let q be (-3)/(-2 - (-7)/5). Let t be o(q). Suppose b + t*h = -2*h - 3, 12 = 2*b - 2*h. Calculate the highest common divisor of 27 and b.
3
Let b be (18/(-5))/(45/(-150)). Calculate the highest common factor of b and 132.
12
Let c = -41 - -27. Let z = -10 - c. Suppose -o - 15 = -z*o. Calculate the highest common factor of o and 10.
5
Suppose 9*f - 648 = 486. What is the greatest common factor of 18 and f?
18
Let q = 4 - 1. Let i = q + -1. Let t be i*(-13)/(-2) + -2. What is the highest common divisor of t and 33?
11
Suppose -w + 5*w = 5*h - 764, -h + 136 = -5*w. What is the greatest common divisor of h and 13?
13
Let f(y) = 3 + 66*y - 7 + 4. Let q be f(3). What is the greatest common factor of 22 and q?
22
Let d be 18*(44/(-12) + 12/3). What is the highest common factor of 33 and d?
3
Let q be (-2)/(-7) - -39*10/105. Calculate the greatest common factor of 20 and q.
4
Let x(w) = 13*w**2 + 1. Let d be x(2). Suppose 3*z - d = 79. Calculate the greatest common divisor of 4 and z.
4
Let j be 3/12 - 15/(-4). Suppose -j*r - c - 1 = -7, r + 6 = -4*c. Suppose -2*p = 2*f - p - 11, r*p = -2*f + 8. Calculate the greatest common factor of f and 14.
7
Suppose 0 = 2*d + 5 + 25. Let k be (d/6)/(4/(-24)). Calculate the greatest common factor of 10 and k.
5
Let p = 3 + -3. Suppose -2*l - 2*k + 32 = p, 0 = 2*l + 3*l + 2*k - 68. Calculate the highest common divisor of l and 60.
12
Let q = 4 - 7. Let i be -2 + 0 + 13 + q. What is the highest common divisor of 88 and i?
8
Let f(h) = -23*h - 1. Let w be f(-2). What is the greatest common factor of w and 9?
9
Let d = 27 + 99. Suppose 2*n = 2*k + 108, -5*k - 32 - 10 = -n. Let v = n + -39. What is the highest common factor of d and v?
18
Let c(v) = v**2 - v + 80. Let i be c(0). Suppose 0*r = 4*r - i. What is the highest common divisor of 8 and r?
4
Suppose -s = -2*s + 15. Let i(b) = 4*b**2 + b. Let x be i(-1). Suppose 2*u = x*u - 6. Calculate the greatest common divisor of u and s.
3
Let h(j) = -j**3 + j - 4. Let b be h(-3). Calculate the highest common factor of b and 100.
20
Suppose -4*j = -5*x + 27, 0 = 4*x + 5*j - 28 - 10. What is the highest common factor of 21 and x?
7
Suppose -3*g + 9 = -5*o - 12, -o - 28 = -4*g. What is the greatest common factor of 7 and g?
7
Suppose 2*t - 4 = -3*u, 2*t + 2 = 5*u + 3*t. Suppose 5*x = 0, 0 = 4*r - u*r - 2*x - 40. What is the greatest common factor of r and 2?
2
Suppose 25*z - 27*z + 16 = 0. Let v(s) = -5*s + 3. Let g be v(-4). Let u = g - 15. Calculate the highest common divisor of z and u.
8
Let p be 1/1*20/1. What is the greatest common divisor of p and 4?
4
Let n = -16 - -28. Let c be -3*(-2)/(-3) + 6. Let g(d) = 13*d - 4. Let v be g(c). What is the greatest common factor of v and n?
12
Let k(z) = -z**3 - 2*z**2 + 3*z + 2. Let y(r) = r**2 - 3*r - 4. Let s be y(3). Let i be k(s). What is the greatest common divisor of 55 and i?
11
Suppose 3*f = 2*f. Suppose f = -p - 4*p + 1150. Suppose 2*l - c = p, -4*c - 222 = -2*l - c. Calculate the greatest common divisor of 13 and l.
13
Let g = -1 - -3. Suppose x = -g*i + 11, -4 = -4*i + 5*x - 17. Suppose -5*u - 108 = r - 2*r, -u = -i*r + 380. What is the highest common factor of 16 and r?
16
Let k be 4 + -3*3/(-9). Suppose k*j - 3*s + 31 = -16, 5*s + 45 = -4*j. Let h be (j/2)/((-2)/18). Calculate the greatest common factor of h and 18.
9
Let r be (-1)/6 - (-14)/12. Let c be 4 - (-3 - r/(-1)). Suppose -4*f - c = -22, 2*f = 2*n + 4. Calculate the greatest common factor of 3 and n.
1
Let p be 31 + 1*(-1)/1. Suppose -5*s - d + 17 = 0, 1 = -s - 2*d + 4*d. Suppose -2*n - s = -23. Calculate the greatest common divisor of p and n.
10
Suppose 2*j = 2*n + 5 - 13, 0 = 5*n - 2*j - 11. Let l be n*175 + 2 + -1. What is the greatest common divisor of l and 16?
16
Suppose 8 = -3*l + l. Let b be (-18)/(-12) - 46/l. What is the highest common divisor of 91 and b?
13
Let l = 37 - -12. What is the greatest common divisor of l and 7?
7
Suppose 0 = 3*m - 5*c - 20, 0*c = 2*m + 3*c - 7. Calculate the highest common divisor of 20 and m.
5
Let m = 1 - -5. Suppose m*o - o = 10. What is the highest common divisor of o and 6?
2
Let p = -33 - -52. Calculate the highest common factor of p and 152.
19
Let z(k) = -2*k + 1. Suppose 5*i = -3*y + 2, i - 2 = y - 0*y. Let l be z(y). Calculate the highest common factor of 33 and l.
3
Suppose -u - 12 + 42 = 0. Let n(o) = o**3 - 8*o**2 - 7*o + 9. Let t be n(9). Suppose 4*a + t = 107. What is the greatest common factor of a and u?
10
Suppose 0*v - 5*v + 65 = -5*p, -5 = -v. Let b be p*(3/(-6) - 0). Calculate the greatest common divisor of 2 and b.
2
Suppose 5*n - 110 = 6*z - z, -5*n + 110 = -z. What is the highest common factor of 242 and n?
22
Let g = 25 + -13. Suppose -c - 4*c = 0. Suppose 6 + c = 2*t. What is the highest common divisor of t and g?
3
Suppose a + 74 = 4*h - 2*a, 4*h - 70 = 5*a. What is the highest common factor of h and 80?
20
Let s = -35 + 49. Suppose 0*t - u = t - 8, t + 3*u = s. What is the greatest common divisor of 45 and t?
5
Let z(j) = -5*j - 1 + j**2 + 0*j + 6. Let s(f) = -f**2 + 10*f + 6. Let u be s(10). Let b be z(u). Calculate the greatest common factor of b and 11.
11
Let s(c) = 113*c + 2. Let w be s(2). Let b = 324 - w. Suppose 2*v + 3*v = 60. Calculate the highest common divisor of v and b.
12
Suppose 3*l - 5*t - 16 = 0, 0 = -l - 4*l - t + 8. Suppose l*c = -2*y + 6, 4*c - 14 = -2*y - 0. What is the greatest common divisor of 24 and c?
4
Let m be 0 + (14 - (0 - 0)). Let w = 343 - 245. Calculate the highest common factor of w and m.
14
Suppose -2*h = -5 - 13. Calculate the greatest common factor of 9 and h.
9
Suppose 0*b + q = 3*b - 34, -36 = -4*b - q. Let g = b + -6. What is the greatest common divisor of 4 and g?
4
Let m(j) = 2*j**2 - 6*j + 7. Let o be m(6). Let s = o + -21. What is the highest common divisor of s and 11?
11
Suppose 3*b = 7 + 8. Suppose b*s = 1 + 19. Suppose -88 = -4*v + 2*g, 3*v + 2*g - s*g = 67. What is the greatest common divisor of 7 and v?
7
Let i(n) = 14*n + 1. Let q be i(1). Let u be q + 2 + (2 - 4). Suppose -z - 9 = -3*o + u, 0 = -2*o - 5*z - 1. Calculate the highest common factor of o and 77.
7
Let d(g) = g + 12. Let x = -7 + 3. Let u(q) = 3*q + 1. Let v be u(x). Let c be d(v). Calculate the highest common factor of 2 and c.
1
Suppose 0 = -2*y - 5 + 33. Let f be 1/2 + 278/4. Calculate the greatest common divisor of y and f.
14
Suppose 5*k - 3*k = 18. Let f(q) = 8*q - 31. Let a be f(14). Calculate the highest common factor of k and a.
9
Suppose 4*z - 32 = -w, -3*w - 14 - 2 = -2*z. Let m = z - 5. Calculate the highest common divisor of 21 and m.
3
Suppose -149 + 1297 = -z. Let d be 2/9 + z/(-18). Let l be (-84)/(-10) - 2/5. Calculate the greatest common divisor of d and l.
8
Suppose 3*o - 5 = -2*t - 0*o, -3*t + 6 = 3*o. Let r be (-174)/(-30) - t/(-5). What is the greatest common factor of 54 and r?
6
Suppose -4*o + x = -883 - 920, -2*o + 2*x = -906. What is the highest common factor of 50 and o?
50
Let d be 543/(-3)*(-6 + 5). Let g = -117 + d. What is the highest common divisor of 8 and g?
8
Let b = -3 - -2. Let j be (38/(-8))/(b/12). Let x be j/4 - 1/4. Calculate the highest common factor of x and 28.
14
Let s = 19 - 9. Suppose 4*g + 2 = -s, -4*g + 38 = 2*p. What is the highest common divisor of 10 and p?
5
Suppose -28*b = -23*b - 1485. Calculate the greatest common divisor of b and 27.
27
Let z(x) = x. Let s be z(6). Suppose l = -2*n + 13 - s, 3*n + l - 12 = 0. What is the highest common factor of n and 40?
5
Let o(c) = -c**2 + 22*c - 1. Let j be o(15). Let f(b) = b**2 - 2*b - 2. Let m be f(-3). Calculate the highest common divisor of j and m.
13
Let m be 40/(-6) + 2/(-6). Let f = m - -9. Suppose 4*q - 78 - 62 = -4*w, -175 = -5*q - f*w. Calculate the highest common divisor of q and 7.
7
Suppose -w + 1 = -5. Suppose -5*x = -1 + w. Let a be 4*x*-2 + 3. Calculate the highest common factor of 1 and a.
1
Let c be ((-114)/12)/((-2)/4). Suppose -5*j + 16 = -c. What is the highest common divisor of j and 63?
7
Le